{"id":2259,"date":"2024-08-25T10:40:27","date_gmt":"2024-08-25T16:40:27","guid":{"rendered":"https:\/\/agencias.costaverde.com\/?page_id=2259"},"modified":"2024-08-25T12:19:03","modified_gmt":"2024-08-25T18:19:03","slug":"preguntas-frecuentes","status":"publish","type":"page","link":"https:\/\/agencias.costaverde.com\/index.php\/preguntas-frecuentes\/","title":{"rendered":"FAQ"},"content":{"rendered":"\t\t<div data-elementor-type=\"wp-page\" data-elementor-id=\"2259\" class=\"elementor elementor-2259\">\n\t\t\t\t\t\t<section class=\"elementor-section elementor-top-section elementor-element elementor-element-419ef9a2 elementor-section-boxed elementor-section-height-default elementor-section-height-default\" data-id=\"419ef9a2\" data-element_type=\"section\" data-e-type=\"section\" data-settings=\"{&quot;background_background&quot;:&quot;classic&quot;}\">\n\t\t\t\t\t\t<div class=\"elementor-container elementor-column-gap-default\">\n\t\t\t\t\t<div class=\"elementor-column elementor-col-100 elementor-top-column elementor-element elementor-element-51de06a1\" data-id=\"51de06a1\" data-element_type=\"column\" data-e-type=\"column\">\n\t\t\t<div class=\"elementor-widget-wrap elementor-element-populated\">\n\t\t\t\t\t\t<section class=\"elementor-section elementor-inner-section elementor-element elementor-element-772fe78a elementor-section-boxed elementor-section-height-default elementor-section-height-default\" data-id=\"772fe78a\" data-element_type=\"section\" data-e-type=\"section\">\n\t\t\t\t\t\t<div class=\"elementor-container elementor-column-gap-default\">\n\t\t\t\t\t<div class=\"elementor-column elementor-col-100 elementor-inner-column elementor-element elementor-element-c953d81\" data-id=\"c953d81\" data-element_type=\"column\" data-e-type=\"column\">\n\t\t\t<div class=\"elementor-widget-wrap elementor-element-populated\">\n\t\t\t\t\t\t<div class=\"elementor-element elementor-element-37eb59b5 elementor-widget elementor-widget-elementskit-heading\" data-id=\"37eb59b5\" data-element_type=\"widget\" data-e-type=\"widget\" data-widget_type=\"elementskit-heading.default\">\n\t\t\t\t<div class=\"elementor-widget-container\">\n\t\t\t\t\t<div class=\"ekit-wid-con\" ><div class=\"ekit-heading elementskit-section-title-wraper text_left   ekit_heading_tablet-   ekit_heading_mobile-\"><h2 class=\"ekit-heading--title elementskit-section-title \">Preguntas<br> Frecuentes<\/h2><\/div><\/div>\t\t\t\t<\/div>\n\t\t\t\t<\/div>\n\t\t\t\t\t<\/div>\n\t\t<\/div>\n\t\t\t\t\t<\/div>\n\t\t<\/section>\n\t\t\t\t\t<\/div>\n\t\t<\/div>\n\t\t\t\t\t<\/div>\n\t\t<\/section>\n\t\t\t\t<section class=\"elementor-section elementor-top-section elementor-element elementor-element-587d3973 elementor-section-boxed elementor-section-height-default elementor-section-height-default\" data-id=\"587d3973\" data-element_type=\"section\" data-e-type=\"section\">\n\t\t\t\t\t\t<div class=\"elementor-container elementor-column-gap-default\">\n\t\t\t\t\t<div class=\"elementor-column elementor-col-100 elementor-top-column elementor-element elementor-element-67dd7591\" data-id=\"67dd7591\" data-element_type=\"column\" data-e-type=\"column\">\n\t\t\t<div class=\"elementor-widget-wrap elementor-element-populated\">\n\t\t\t\t\t\t<div class=\"elementor-element elementor-element-37694dc0 elementor-widget elementor-widget-elementskit-heading\" data-id=\"37694dc0\" data-element_type=\"widget\" data-e-type=\"widget\" data-widget_type=\"elementskit-heading.default\">\n\t\t\t\t<div class=\"elementor-widget-container\">\n\t\t\t\t\t<div class=\"ekit-wid-con\" ><div class=\"ekit-heading elementskit-section-title-wraper center   ekit_heading_tablet-   ekit_heading_mobile-\"><h2 class=\"ekit-heading--title elementskit-section-title \">Preguntas Frecuentes<\/h2><div class=\"ekit_heading_separetor_wraper ekit_heading_elementskit-border-divider ekit-dotted\"><div class=\"elementskit-border-divider ekit-dotted\"><\/div><\/div>\t\t\t\t<div class='ekit-heading__description'>\n\t\t\t\t\t<p>En esta secci\u00f3n, hemos recopilado las preguntas m\u00e1s comunes que reciben nuestras agencias de viajes y clientes sobre el Hotel Costa Verde. Aqu\u00ed encontrar\u00e1s informaci\u00f3n detallada que te ayudar\u00e1 a conocer mejor nuestros servicios, instalaciones y pol\u00edticas. Si tienes alguna duda adicional, no dudes en contactarnos. Estamos aqu\u00ed para ayudarte a brindar la mejor experiencia a tus clientes.<\/p>\n\t\t\t\t<\/div>\n\t\t\t<\/div><\/div>\t\t\t\t<\/div>\n\t\t\t\t<\/div>\n\t\t\t\t<section class=\"elementor-section elementor-inner-section elementor-element elementor-element-5797a278 elementor-section-boxed elementor-section-height-default elementor-section-height-default\" data-id=\"5797a278\" data-element_type=\"section\" data-e-type=\"section\">\n\t\t\t\t\t\t<div class=\"elementor-container elementor-column-gap-default\">\n\t\t\t\t\t<div class=\"elementor-column elementor-col-50 elementor-inner-column elementor-element elementor-element-389b9386\" data-id=\"389b9386\" data-element_type=\"column\" data-e-type=\"column\">\n\t\t\t<div class=\"elementor-widget-wrap elementor-element-populated\">\n\t\t\t\t\t\t<div class=\"elementor-element elementor-element-644e6663 elementor-widget elementor-widget-elementskit-faq\" data-id=\"644e6663\" data-element_type=\"widget\" data-e-type=\"widget\" data-widget_type=\"elementskit-faq.default\">\n\t\t\t\t<div class=\"elementor-widget-container\">\n\t\t\t\t\t<div class=\"ekit-wid-con\" >\n                <div class=\"elementskit-single-faq elementor-repeater-item-933ec5b\">\n            <div class=\"elementskit-faq-header\">\n                <h2 class=\"elementskit-faq-title\">\u00bfC\u00f3mo llegamos desde San Jos\u00e9 al Hotel Costa Verde?<\/h2>\n            <\/div>\n            <div class=\"elementskit-faq-body\">\n                Para llegar a Manuel Antonio desde San Jos\u00e9, deben tomar la Ruta 27 y luego la Ruta 34. Pueden buscar \"Hotel Costa Verde\" en aplicaciones como Google Maps o Waze para obtener direcciones precisas.            <\/div>\n        <\/div>\n                <div class=\"elementskit-single-faq elementor-repeater-item-b2cc0e1\">\n            <div class=\"elementskit-faq-header\">\n                <h2 class=\"elementskit-faq-title\">\u00bfQu\u00e9 tan lejos est\u00e1n de la playa?<\/h2>\n            <\/div>\n            <div class=\"elementskit-faq-body\">\n                stamos ubicados a 1 km de la playa. Se tarda unos 10 minutos caminando y unos 5 minutos en veh\u00edculo.            <\/div>\n        <\/div>\n                <div class=\"elementskit-single-faq elementor-repeater-item-83f844a\">\n            <div class=\"elementskit-faq-header\">\n                <h2 class=\"elementskit-faq-title\">\u00bfQu\u00e9 tan lejos est\u00e1n del Parque Nacional Manuel Antonio?<\/h2>\n            <\/div>\n            <div class=\"elementskit-faq-body\">\n                El hotel se encuentra a 1.5 km de la entrada del Parque Nacional Manuel Antonio.            <\/div>\n        <\/div>\n                <div class=\"elementskit-single-faq elementor-repeater-item-3da7122\">\n            <div class=\"elementskit-faq-header\">\n                <h2 class=\"elementskit-faq-title\">\u00bfQu\u00e9 tipo de actividades se pueden realizar en los alrededores del hotel?<\/h2>\n            <\/div>\n            <div class=\"elementskit-faq-body\">\n                En la propiedad existe una actividad llamada Zip Coaster, adem\u00e1s, podemos ayudar a los clientes a reservar actividades en la zona.            <\/div>\n        <\/div>\n                <div class=\"elementskit-single-faq elementor-repeater-item-671f767\">\n            <div class=\"elementskit-faq-header\">\n                <h2 class=\"elementskit-faq-title\">\u00bfTienen transporte disponible hacia la playa?<\/h2>\n            <\/div>\n            <div class=\"elementskit-faq-body\">\n                No, no ofrecemos transporte hasta la playa.            <\/div>\n        <\/div>\n                <div class=\"elementskit-single-faq elementor-repeater-item-22885ef\">\n            <div class=\"elementskit-faq-header\">\n                <h2 class=\"elementskit-faq-title\">\u00bfTienen transporte dentro de las instalaciones?<\/h2>\n            <\/div>\n            <div class=\"elementskit-faq-body\">\n                S\u00ed, ofrecemos transporte dentro de nuestras instalaciones. Principalmente a nuestros restaurantes.            <\/div>\n        <\/div>\n                <div class=\"elementskit-single-faq elementor-repeater-item-b904fff\">\n            <div class=\"elementskit-faq-header\">\n                <h2 class=\"elementskit-faq-title\">\u00bfC\u00f3mo nos movemos si no tenemos vehiculo?<\/h2>\n            <\/div>\n            <div class=\"elementskit-faq-body\">\n                Adem\u00e1s de taxis p\u00fablicos y autobuses, tambi\u00e9n hay servicio de UBER disponible, aunque la disponibilidad es limitada. La ciudad de Quepos est\u00e1 a solo 10 minutos en taxi (5 kil\u00f3metros) desde el hotel. El autob\u00fas p\u00fablico para frente al hotel aproximadamente cada 30 minutos.            <\/div>\n        <\/div>\n                <div class=\"elementskit-single-faq elementor-repeater-item-1162e91\">\n            <div class=\"elementskit-faq-header\">\n                <h2 class=\"elementskit-faq-title\">\u00bfTienen instalaciones de compras cerca del hotel?<\/h2>\n            <\/div>\n            <div class=\"elementskit-faq-body\">\n                Puedes encontrar supermercados tanto en la playa como en direcci\u00f3n contraria al hotel, a aproximadamente 1 km de distancia.            <\/div>\n        <\/div>\n                <div class=\"elementskit-single-faq elementor-repeater-item-02c9595\">\n            <div class=\"elementskit-faq-header\">\n                <h2 class=\"elementskit-faq-title\">\u00bfHay mosquitos y hormigas en el hotel?<\/h2>\n            <\/div>\n            <div class=\"elementskit-faq-body\">\n                Al estar en medio de la selva tropical, es com\u00fan encontrar mosquitos y hormigas. Aunque hacemos un gran esfuerzo para mantenerlos alejados, es posible que veas hormigas en la cocina. Al igual que los monos y los perezosos, estos insectos tambi\u00e9n forman parte del entorno natural.            <\/div>\n        <\/div>\n                <div class=\"elementskit-single-faq elementor-repeater-item-cca469b\">\n            <div class=\"elementskit-faq-header\">\n                <h2 class=\"elementskit-faq-title\">\u00bfEl agua es potable en el hotel?<\/h2>\n            <\/div>\n            <div class=\"elementskit-faq-body\">\n                S\u00ed, en nuestro hotel tenemos agua potable y es segura para beber.            <\/div>\n        <\/div>\n                <div class=\"elementskit-single-faq elementor-repeater-item-a815eac\">\n            <div class=\"elementskit-faq-header\">\n                <h2 class=\"elementskit-faq-title\">\u00bfTienen Wi-Fi disponible en las habitaciones y \u00e1reas comunes?<\/h2>\n            <\/div>\n            <div class=\"elementskit-faq-body\">\n                Hay Wi-Fi gratuito en toda la propiedad.            <\/div>\n        <\/div>\n                <div class=\"elementskit-single-faq elementor-repeater-item-cae3a15\">\n            <div class=\"elementskit-faq-header\">\n                <h2 class=\"elementskit-faq-title\">\u00bfQu\u00e9 tipo de atenci\u00f3n m\u00e9dica est\u00e1 disponible en la zona?<\/h2>\n            <\/div>\n            <div class=\"elementskit-faq-body\">\n                Un hospital gestionado por el gobierno de Costa Rica est\u00e1 ubicado a 15 minutos del hotel. Adem\u00e1s, trabajamos con varias cl\u00ednicas privadas que aceptan seguros internacionales, y hay m\u00e9dicos biling\u00fces disponibles las 24 horas del d\u00eda para cualquier tipo de emergencia.            <\/div>\n        <\/div>\n                <div class=\"elementskit-single-faq elementor-repeater-item-9e9d15f\">\n            <div class=\"elementskit-faq-header\">\n                <h2 class=\"elementskit-faq-title\">\u00bfDurante qu\u00e9 meses llueve m\u00e1s?<\/h2>\n            <\/div>\n            <div class=\"elementskit-faq-body\">\n                La costa del Pac\u00edfico de Costa Rica disfruta de un clima monz\u00f3nico cl\u00e1sico y predecible, es decir, solo hay dos estaciones distintas: lluviosa y seca. Normalmente, la temporada de lluvias va desde mediados de abril hasta mediados de noviembre. Durante este tiempo, las ma\u00f1anas suelen estar despejadas y a menudo llueve al atardecer. Recomendamos que consulte los enlaces a continuaci\u00f3n para ver el pron\u00f3stico actual.            <\/div>\n        <\/div>\n                <div class=\"elementskit-single-faq elementor-repeater-item-782aac5\">\n            <div class=\"elementskit-faq-header\">\n                <h2 class=\"elementskit-faq-title\">\u00bfCu\u00e1ntas piscinas tienen y son climatizadas?<\/h2>\n            <\/div>\n            <div class=\"elementskit-faq-body\">\n                Contamos con 3 piscinas, una de ellas exclusiva para adultos. No son climatizadas, ya que el clima de la zona hace que no sea necesario.            <\/div>\n        <\/div>\n                <div class=\"elementskit-single-faq elementor-repeater-item-0143fbc\">\n            <div class=\"elementskit-faq-header\">\n                <h2 class=\"elementskit-faq-title\">\u00bfOfrecen toallas para piscina o playa?<\/h2>\n            <\/div>\n            <div class=\"elementskit-faq-body\">\n                No ofrecemos toallas espec\u00edficas para piscina o playa. Cada cliente tiene una toalla que es para uso tanto en la habitaci\u00f3n como en la piscina. Las toallas se pueden intercambiar en recepci\u00f3n o dejar en el suelo para que el servicio de limpieza las cambie.            <\/div>\n        <\/div>\n                \n    <\/div>\t\t\t\t<\/div>\n\t\t\t\t<\/div>\n\t\t\t\t\t<\/div>\n\t\t<\/div>\n\t\t\t\t<div class=\"elementor-column elementor-col-50 elementor-inner-column elementor-element elementor-element-7e0f1591\" data-id=\"7e0f1591\" data-element_type=\"column\" data-e-type=\"column\">\n\t\t\t<div class=\"elementor-widget-wrap elementor-element-populated\">\n\t\t\t\t\t\t<div class=\"elementor-element elementor-element-41bb9fef elementor-widget elementor-widget-elementskit-faq\" data-id=\"41bb9fef\" data-element_type=\"widget\" data-e-type=\"widget\" data-widget_type=\"elementskit-faq.default\">\n\t\t\t\t<div class=\"elementor-widget-container\">\n\t\t\t\t\t<div class=\"ekit-wid-con\" >\n                <div class=\"elementskit-single-faq elementor-repeater-item-933ec5b\">\n            <div class=\"elementskit-faq-header\">\n                <h2 class=\"elementskit-faq-title\">\u00bfOfrecen alg\u00fan servicio de lavander\u00eda?<\/h2>\n            <\/div>\n            <div class=\"elementskit-faq-body\">\n                S\u00ed, tenemos servicio de lavander\u00eda, con un costo por pieza. Los precios van desde $0.50 hasta $2.            <\/div>\n        <\/div>\n                <div class=\"elementskit-single-faq elementor-repeater-item-b2cc0e1\">\n            <div class=\"elementskit-faq-header\">\n                <h2 class=\"elementskit-faq-title\">\u00bfAceptan mascotas en el hotel?<\/h2>\n            <\/div>\n            <div class=\"elementskit-faq-body\">\n                No se aceptan mascotas.            <\/div>\n        <\/div>\n                <div class=\"elementskit-single-faq elementor-repeater-item-83f844a\">\n            <div class=\"elementskit-faq-header\">\n                <h2 class=\"elementskit-faq-title\">\u00bfTienen opciones de alimentaci\u00f3n para personas con necesidades diet\u00e9ticas especiales?<\/h2>\n            <\/div>\n            <div class=\"elementskit-faq-body\">\n                S\u00ed, los men\u00fas de nuestros restaurantes incluyen opciones para vegetarianos, veganos y cel\u00edacos.            <\/div>\n        <\/div>\n                <div class=\"elementskit-single-faq elementor-repeater-item-e63e878\">\n            <div class=\"elementskit-faq-header\">\n                <h2 class=\"elementskit-faq-title\">\u00bfD\u00f3nde se sirven los desayunos y cu\u00e1l es el horario?<\/h2>\n            <\/div>\n            <div class=\"elementskit-faq-body\">\n                Los desayunos se ofrecen en el Restaurante Anaconda todos los d\u00edas, de 6:30 a.m. a 11:00 a.m.            <\/div>\n        <\/div>\n                <div class=\"elementskit-single-faq elementor-repeater-item-eee641d\">\n            <div class=\"elementskit-faq-header\">\n                <h2 class=\"elementskit-faq-title\">\u00bfQu\u00e9 tipo de habitaciones ofrecen?<\/h2>\n            <\/div>\n            <div class=\"elementskit-faq-body\">\n                Nuestras habitaciones ofrecen una variedad de vistas, incluyendo jard\u00edn, selva y oc\u00e9ano. Adem\u00e1s, contamos con diferentes categor\u00edas para satisfacer las necesidades de nuestros hu\u00e9spedes.            <\/div>\n        <\/div>\n                <div class=\"elementskit-single-faq elementor-repeater-item-8f85450\">\n            <div class=\"elementskit-faq-header\">\n                <h2 class=\"elementskit-faq-title\">\u00bfTienen opciones de habitaciones accesibles para personas con discapacidad?<\/h2>\n            <\/div>\n            <div class=\"elementskit-faq-body\">\n                S\u00ed, tenemos opciones en el sector familiar.            <\/div>\n        <\/div>\n                <div class=\"elementskit-single-faq elementor-repeater-item-a0574d8\">\n            <div class=\"elementskit-faq-header\">\n                <h2 class=\"elementskit-faq-title\">\u00bfTodas las habitaciones tienen vista al mar?<\/h2>\n            <\/div>\n            <div class=\"elementskit-faq-body\">\n                No, no todas nuestras habitaciones tienen vista al mar.            <\/div>\n        <\/div>\n                <div class=\"elementskit-single-faq elementor-repeater-item-892edb4\">\n            <div class=\"elementskit-faq-header\">\n                <h2 class=\"elementskit-faq-title\">\u00bfTienen aire acondicionado en las habitaciones?<\/h2>\n            <\/div>\n            <div class=\"elementskit-faq-body\">\n                S\u00ed, todas nuestras habitaciones cuentan con aire acondicionado. Sin embargo, ten en cuenta que los ba\u00f1os no tienen aire acondicionado.            <\/div>\n        <\/div>\n                <div class=\"elementskit-single-faq elementor-repeater-item-72daf0b\">\n            <div class=\"elementskit-faq-header\">\n                <h2 class=\"elementskit-faq-title\">\u00bfTienen agua caliente en las habitaciones?<\/h2>\n            <\/div>\n            <div class=\"elementskit-faq-body\">\n                S\u00ed, todas nuestras habitaciones cuentan con agua caliente.            <\/div>\n        <\/div>\n                <div class=\"elementskit-single-faq elementor-repeater-item-09fc39e\">\n            <div class=\"elementskit-faq-header\">\n                <h2 class=\"elementskit-faq-title\">\u00bfOfrecen camas suplementarias?<\/h2>\n            <\/div>\n            <div class=\"elementskit-faq-body\">\n                No, no ofrecemos camas suplementarias.            <\/div>\n        <\/div>\n                <div class=\"elementskit-single-faq elementor-repeater-item-41135e7\">\n            <div class=\"elementskit-faq-header\">\n                <h2 class=\"elementskit-faq-title\">\u00bfTienen jacuzzi en las instalaciones?<\/h2>\n            <\/div>\n            <div class=\"elementskit-faq-body\">\n                No disponemos de jacuzzi, pero las habitaciones del sector de adultos cuentan con tina en el balc\u00f3n.            <\/div>\n        <\/div>\n                <div class=\"elementskit-single-faq elementor-repeater-item-00b7509\">\n            <div class=\"elementskit-faq-header\">\n                <h2 class=\"elementskit-faq-title\">\u00bfTienen caja de seguridad en las habitaciones?<\/h2>\n            <\/div>\n            <div class=\"elementskit-faq-body\">\n                S\u00ed, todas nuestras habitaciones cuentan con caja de seguridad sin costo adicional.            <\/div>\n        <\/div>\n                <div class=\"elementskit-single-faq elementor-repeater-item-6763304\">\n            <div class=\"elementskit-faq-header\">\n                <h2 class=\"elementskit-faq-title\">\u00bfCu\u00e1l es la hora de entrada y salida?<\/h2>\n            <\/div>\n            <div class=\"elementskit-faq-body\">\n                La hora de entrada es a las 3:00 p.m. y la salida a las 12:00 p.m.            <\/div>\n        <\/div>\n                <div class=\"elementskit-single-faq elementor-repeater-item-a3a3b38\">\n            <div class=\"elementskit-faq-header\">\n                <h2 class=\"elementskit-faq-title\">\u00bfOfrecen late check-out?<\/h2>\n            <\/div>\n            <div class=\"elementskit-faq-body\">\n                No, no ofrecemos late check-out.            <\/div>\n        <\/div>\n                <div class=\"elementskit-single-faq elementor-repeater-item-eb2f8a5\">\n            <div class=\"elementskit-faq-header\">\n                <h2 class=\"elementskit-faq-title\">\u00bfOrganizan bodas?<\/h2>\n            <\/div>\n            <div class=\"elementskit-faq-body\">\n                Visita nuestra p\u00e1gina de bodas para ver im\u00e1genes de nuestras bodas junto a la piscina con vista al mar. Ofrecemos una selecci\u00f3n de cuatro restaurantes para elegir en su recepci\u00f3n de boda. Por favor, env\u00ede un correo electr\u00f3nico a Marcela Venegas para obtener m\u00e1s informaci\u00f3n: events@costaverde.com.             <\/div>\n        <\/div>\n                \n    <\/div>\t\t\t\t<\/div>\n\t\t\t\t<\/div>\n\t\t\t\t\t<\/div>\n\t\t<\/div>\n\t\t\t\t\t<\/div>\n\t\t<\/section>\n\t\t\t\t\t<\/div>\n\t\t<\/div>\n\t\t\t\t\t<\/div>\n\t\t<\/section>\n\t\t\t\t<\/div>\n\t\t","protected":false},"excerpt":{"rendered":"<p>Preguntas Frecuentes Preguntas Frecuentes En esta secci\u00f3n, hemos recopilado las preguntas m\u00e1s comunes que reciben nuestras agencias de viajes y [&hellip;]<\/p>\n","protected":false},"author":2,"featured_media":0,"parent":0,"menu_order":0,"comment_status":"closed","ping_status":"closed","template":"","meta":{"_uag_custom_page_level_css":"","site-sidebar-layout":"no-sidebar","site-content-layout":"","ast-site-content-layout":"full-width-container","site-content-style":"default","site-sidebar-style":"default","ast-global-header-display":"","ast-banner-title-visibility":"","ast-main-header-display":"","ast-hfb-above-header-display":"","ast-hfb-below-header-display":"","ast-hfb-mobile-header-display":"","site-post-title":"disabled","ast-breadcrumbs-content":"","ast-featured-img":"disabled","footer-sml-layout":"","theme-transparent-header-meta":"","adv-header-id-meta":"","stick-header-meta":"","header-above-stick-meta":"","header-main-stick-meta":"","header-below-stick-meta":"","astra-migrate-meta-layouts":"default","ast-page-background-enabled":"default","ast-page-background-meta":{"desktop":{"background-color":"var(--ast-global-color-4)","background-image":"","background-repeat":"repeat","background-position":"center center","background-size":"auto","background-attachment":"scroll","background-type":"","background-media":"","overlay-type":"","overlay-color":"","overlay-opacity":"","overlay-gradient":""},"tablet":{"background-color":"","background-image":"","background-repeat":"repeat","background-position":"center center","background-size":"auto","background-attachment":"scroll","background-type":"","background-media":"","overlay-type":"","overlay-color":"","overlay-opacity":"","overlay-gradient":""},"mobile":{"background-color":"","background-image":"","background-repeat":"repeat","background-position":"center center","background-size":"auto","background-attachment":"scroll","background-type":"","background-media":"","overlay-type":"","overlay-color":"","overlay-opacity":"","overlay-gradient":""}},"ast-content-background-meta":{"desktop":{"background-color":"var(--ast-global-color-5)","background-image":"","background-repeat":"repeat","background-position":"center center","background-size":"auto","background-attachment":"scroll","background-type":"","background-media":"","overlay-type":"","overlay-color":"","overlay-opacity":"","overlay-gradient":""},"tablet":{"background-color":"var(--ast-global-color-5)","background-image":"","background-repeat":"repeat","background-position":"center center","background-size":"auto","background-attachment":"scroll","background-type":"","background-media":"","overlay-type":"","overlay-color":"","overlay-opacity":"","overlay-gradient":""},"mobile":{"background-color":"var(--ast-global-color-5)","background-image":"","background-repeat":"repeat","background-position":"center center","background-size":"auto","background-attachment":"scroll","background-type":"","background-media":"","overlay-type":"","overlay-color":"","overlay-opacity":"","overlay-gradient":""}},"footnotes":""},"class_list":["post-2259","page","type-page","status-publish","hentry"],"uagb_featured_image_src":{"full":false,"thumbnail":false,"medium":false,"medium_large":false,"large":false,"1536x1536":false,"2048x2048":false},"uagb_author_info":{"display_name":"Ronald Tapia","author_link":"https:\/\/agencias.costaverde.com\/index.php\/author\/ronald\/"},"uagb_comment_info":0,"uagb_excerpt":"Preguntas Frecuentes Preguntas Frecuentes En esta secci\u00f3n, hemos recopilado las preguntas m\u00e1s comunes que reciben nuestras agencias de viajes y [&hellip;]","_links":{"self":[{"href":"https:\/\/agencias.costaverde.com\/index.php\/wp-json\/wp\/v2\/pages\/2259","targetHints":{"allow":["GET"]}}],"collection":[{"href":"https:\/\/agencias.costaverde.com\/index.php\/wp-json\/wp\/v2\/pages"}],"about":[{"href":"https:\/\/agencias.costaverde.com\/index.php\/wp-json\/wp\/v2\/types\/page"}],"author":[{"embeddable":true,"href":"https:\/\/agencias.costaverde.com\/index.php\/wp-json\/wp\/v2\/users\/2"}],"replies":[{"embeddable":true,"href":"https:\/\/agencias.costaverde.com\/index.php\/wp-json\/wp\/v2\/comments?post=2259"}],"version-history":[{"count":5,"href":"https:\/\/agencias.costaverde.com\/index.php\/wp-json\/wp\/v2\/pages\/2259\/revisions"}],"predecessor-version":[{"id":2267,"href":"https:\/\/agencias.costaverde.com\/index.php\/wp-json\/wp\/v2\/pages\/2259\/revisions\/2267"}],"wp:attachment":[{"href":"https:\/\/agencias.costaverde.com\/index.php\/wp-json\/wp\/v2\/media?parent=2259"}],"curies":[{"name":"wp","href":"https:\/\/api.w.org\/{rel}","templated":true}]}}